Let m(u) = u**3 + 7*u**2 + 8*u - 3. What is m(-5)?
7
Let v(g) = g**3 + 4*g**2 - 5*g + 7. Calculate v(-5).
7
Let t(g) = 3*g**2 - g + 4. Calculate t(2).
14
Let m(h) = -h**3 + 18*h**2 - 24*h - 132. Give m(16).
-4
Let c(u) = -u**3 + 9*u**2 - 4*u + 7. Determine c(7).
77
Let o(q) = q**2 + 3*q - 2. Calculate o(-6).
16
Let w(h) = -h**3 + 2*h**2 - h - 1. Calculate w(2).
-3
Let l(b) = -2*b**3 + 2*b**2 - 2*b + 3. Calculate l(2).
-9
Let j(v) = 11*v - 214. Determine j(21).
17
Let n(q) = q**3 + 6*q**2 - 73*q + 15. What is n(6)?
9
Let r(x) = 2*x**2 + 15*x - 10. What is r(-8)?
-2
Let w(f) = -2*f**2 - 2*f - 4. What is w(-3)?
-16
Let j(y) = y**3 + 4*y**2 - 5*y - 4. Give j(-5).
-4
Let l(y) = -14*y + 60. Give l(5).
-10
Let j(h) = 2*h**2 + 24*h + 1. Calculate j(-13).
27
Let v(p) = 4*p + 64. What is v(-17)?
-4
Let y(x) = x**2 + 4*x + 38. What is y(-6)?
50
Let w(i) = -25*i + 15. Calculate w(8).
-185
Let g(j) = -j**2 - 9*j + 11. Give g(-8).
19
Let t(i) = 4*i**2 + 5*i - 4. What is t(-5)?
71
Let s(m) = -24*m + 114. Determine s(5).
-6
Let l(b) = -4*b + 2. Calculate l(2).
-6
Let h(m) = -m**2 - 8*m + 14. Determine h(-9).
5
Let g(m) = -6*m**2 - 88*m - 61. Give g(-14).
-5
Let y(x) = -x**2 + 8*x - 12. What is y(6)?
0
Let b(a) = a**3 - 17*a**2 + 12*a + 10. Give b(16).
-54
Let h(a) = 9*a + 66. What is h(-7)?
3
Let g(d) = d - 5. Determine g(-3).
-8
Let l(j) = j**2 - 20*j - 16. Determine l(17).
-67
Let r(t) = -t**3 + 2*t**2 - 1. What is r(-1)?
2
Let z(m) = 16*m + 46. Determine z(6).
142
Let a(y) = y**2 + 10*y - 87. What is a(-15)?
-12
Let j(s) = s**2 + 5*s - 11. Give j(-5).
-11
Let y(o) = o**3 + 3*o**2 + o - 4. Calculate y(-4).
-24
Let x(i) = -12*i - 32. What is x(-12)?
112
Let h(u) = -u**2 + 2*u - 1. Give h(-6).
-49
Let r(k) = 12*k**2 + 52*k + 51. Calculate r(-1).
11
Let i(t) = -t**3 - 29*t**2 + 57*t - 150. Determine i(-31).
5
Let h(x) = -x**3 - 6*x**2 + 8*x - 5. Calculate h(-4).
-69
Let j(u) = u**2 - 5*u - 9. What is j(7)?
5
Let q(b) = -4*b - 79. Give q(-23).
13
Let d(j) = -3*j - 1. What is d(0)?
-1
Let o(n) = n**3 - 95*n**2 + 2*n - 197. Calculate o(95).
-7
Let h(s) = -s**3 + 9*s**2 + 21*s - 2. What is h(11)?
-13
Let r(j) = 4*j + 6. Determine r(10).
46
Let s(k) = -k**3 + 9*k**2 - 2*k + 7. Determine s(8).
55
Let c(g) = -9*g - 75. Give c(-8).
-3
Let c(h) = -4*h - 10. Give c(-3).
2
Let u(v) = -v**2 - 32*v + 327. Determine u(8).
7
Let d(s) = s**2 + 25*s + 41. Determine d(-17).
-95
Let f(l) = 4*l + 20. Calculate f(-20).
-60
Let z(c) = -32*c - 1. Calculate z(1).
-33
Let n(a) = a**3 - a**2 - 2*a - 9. What is n(0)?
-9
Let u(k) = 23*k - 19. Determine u(-5).
-134
Let v(r) = 2*r**2 - 27*r - 2. Give v(12).
-38
Let k(f) = -f**3 + 7*f**2 - 2*f + 9. Determine k(7).
-5
Let k(t) = t**3 - 29*t**2 + 55*t - 30. Give k(27).
-3
Let d(f) = -2*f**3 + 10*f**2 - 5*f + 1. What is d(6)?
-101
Let m(p) = -4*p**2 - 14*p - 17. Determine m(-3).
-11
Let z(k) = -k**3 - 7*k**2 - 7*k + 1. Calculate z(-6).
7
Let d(f) = -5*f - 16. What is d(-3)?
-1
Let d(v) = v**3 - 3*v**2 - 12*v - 7. Calculate d(6).
29
Let q(o) = o**2 + 2*o + 8. Determine q(-5).
23
Let p(x) = -x**2 - 16*x + 16. What is p(-17)?
-1
Let g(o) = -o**3 - 6*o**2 - 11*o - 13. Give g(-4).
-1
Let l(k) = k**3 - 3*k**2 + k - 9. Determine l(4).
11
Let a(l) = l**2 - 40*l + 110. Give a(35).
-65
Let b(u) = -20*u - 63. Determine b(-4).
17
Let y(d) = -d**2 + 15*d - 47. Give y(4).
-3
Let x(b) = -3*b**2 - 26*b + 86. Determine x(-11).
9
Let p(f) = f**3 + 6*f**2 - 20*f - 24. What is p(-8)?
8
Let s(t) = 9*t - 35. Calculate s(7).
28
Let r(w) = -w**2 + 14*w - 44. Give r(11).
-11
Let g(h) = -2*h**2 - 11*h + 1. Determine g(-6).
-5
Let w(a) = -a**2 + 22*a + 2. Determine w(20).
42
Let p(r) = -r**2 - 32*r - 25. What is p(-32)?
-25
Let m(x) = -x**3 - 10*x**2 - 20*x - 23. Give m(-8).
9
Let h(o) = -2*o - 28. What is h(9)?
-46
Let a(h) = -3*h + 29. What is a(12)?
-7
Let x(q) = -9*q + 74. Calculate x(8).
2
Let z(l) = 11*l**2 - l - 1. Calculate z(-1).
11
Let f(o) = -o**3 - o**2 - 6. What is f(0)?
-6
Let t(b) = -9*b - 102. Calculate t(-11).
-3
Let a(w) = -w**2 + 12*w + 77. What is a(17)?
-8
Let f(j) = -2*j - 7. What is f(-4)?
1
Let y(i) = -2*i**2 - 62*i - 65. Give y(-30).
-5
Let z(i) = -i**3 - 9*i**2 - 7*i + 5. Determine z(-8).
-3
Let i(l) = 12*l - 14. Calculate i(4).
34
Let g(v) = -v**3 + 4*v**2 + 4*v - 8. Calculate g(5).
-13
Let m(b) = -b**3 + 8*b**2 - 6*b - 6. What is m(8)?
-54
Let i(a) = -2*a**3 - 29*a**2 + 18*a - 33. Calculate i(-15).
-78
Let w(z) = -z**2 + 7. Give w(-6).
-29
Let b(r) = -r**2 + 24*r + 34. What is b(25)?
9
Let t(v) = 16*v + 142. What is t(-9)?
-2
Let d(y) = 3*y + 45. What is d(-15)?
0
Let q(g) = -2*g + 27. Calculate q(13).
1
Let a(n) = n**3 + 16*n**2 + 2*n + 31. Give a(-16).
-1
Let n(v) = v**2 + 174. What is n(0)?
174
Let q(d) = d**2 + 25*d - 50. Determine q(-25).
-50
Let z(p) = -13*p**2 + 66*p - 10. Calculate z(5).
-5
Let x(y) = -7*y - 53. Give x(-10).
17
Let f(m) = m**2 - 15*m + 59. What is f(7)?
3
Let f(y) = 16*y + 107. Calculate f(-7).
-5
Let p(u) = 6*u**3 - 20*u + 20. Calculate p(1).
6
Let h(v) = -2*v + 4. Determine h(-10).
24
Let d(l) = 106*l**3 - 3*l + 1. Give d(1).
104
Let k(x) = x**3 + 12*x**2 - 13*x + 7. Give k(-13).
7
Let t(x) = 5*x + 64. What is t(-7)?
29
Let r(j) = -j**3 - 3*j**2 + 14*j - 18. What is r(-6)?
6
Let o(y) = y**3 + 5*y**2 - y + 5. What is o(-5)?
10
Let i(k) = 2*k**2 + 51*k - 38. What is i(-27)?
43
Let a(g) = -g**3 + 8*g**2 - 9*g + 4. Give a(7).
-10
Let q(x) = x**3 + 2*x**2 - x + 2. Determine q(-3).
-4
Let b(l) = l**3 + 7*l**2 - l + 6. Give b(-7).
13
Let d(f) = -7*f - 35. Give d(-5).
0
Let w(k) = k**3 - 23*k**2 + 40*k - 20. Determine w(21).
-62
Let r(i) = i**3 - 3*i**2 + i + 2. What is r(4)?
22
Let u(q) = -47*q - 5. Give u(-1).
42
Let w(q) = -4*q**2 - 31*q + 65. Determine w(2).
-13
Let u(t) = -t**3 - 20*t**2 + 21*t + 22. What is u(-21)?
22
Let c(i) = 16*i - 672. Calculate c(42).
0
Let z(m) = -m**3 + 7*m**2 + 3*m + 7. Calculate z(8).
-33
Let d(p) = -p**2 - 2*p + 22. What is d(7)?
-41
Let g(x) = x**3 + 6*x**2 + x - 7. Calculate g(-7).
-63
Let l(o) = -o**3 + 16*o**2 - 2*o + 30. Determine l(16).
-2
Let p(n) = n**2 - 2*n - 33. Give p(-4).
-9
Let r(j) = -j**2 - 10*j + 266. Give r(-22).
2
Let n(t) = t**2 - 8*t + 1. Give n(7).
-6
Let v(g) = 8*g - 2. What is v(-3)?
-26
Let s(v) = -8*v**2 + 2*v + 1. Give s(-1).
-9
Let x(j) = -j**2 + 38*j - 98. Give x(35).
7
Let i(h) = -h**2 + 4*h - 3. Calculate i(2).
1
Let h(p) = 2*p**3 + 2*p**2 + p - 1. Determine h(1).
4
Let k(z) = z**2 - z - 9. Give k(0).
-9
Let b(y) = y - 7. Determine b(-5).
-12
Let q(o) = -o**2 - 5*o + 7. Give q(-6).
1
Let f(b) = -b - 10. Determine f(-6).
-4
Let t(l) = l**2 - 12*l - 33. Calculate t(16).
31
Let w(c) = c**2 - 11*c + 6. Calculate w(10).
-4
Let g(t) = t**3 + 3*t**2 - 3*t - 2. What is g(-4)?
-6
Let l(y) = -2*y**2 - y - 4. Calculate l(8).
-140
Let t(h) = -4*h + 8. Give t(9).
-28
Let h(n) = 14*n - 412. Determine h(29).
-6
Let i(x) = x**3 - 7*x**2 + 2*x - 87. Give i(8).
-7
Let l(g) = 4*g + 8. Calculate l(0).
8
Let j(d) = -d**2 + 7*d - 1. What is j(6)?
5
Let w(a) = a**2 + 15*a - 23. Calculate w(-16).
-7
Let f(u) = -u**3 - 13*u**2 - 29*u + 2. Calculate f(-10).
-8
Let g(a) = -a**3 + a**2 + 3*a - 4. What is g(1)?
-1
Let a(c) = 10*c - 33. What is a(2)?
-13
Let t(r) = r**2 + 25*r + 75. What is t(-23)?
29
Let q(c) = 6*c + 9. What is q(6)?
45
Let r(v) = -v**2 - 11*v - 3. Give r(-9).
15
Let g(a) = 2*a + 10. Determine g(-6).
-2
Let d(m) = 36*m**2. What is d(1)?
36
Let z(w) = -5*w**3 + 2*w**2 + 2*w. Calculate z(-2).
44
Let d(j) = -j**3 + j**2 - 47. Determine d(0).
-47
Let q(g) = g**3 + 15*g**2 + 10*g + 13. What is q(-14)?
69
Let u(o) = o**2 - 13*o + 95. What is u(9)?
59
Let v(x) = 6*x + 16. Give v(0).
16
Let t(o) = -o**2 - 25*o + 17. Determine t(-20).
117
Let t(k) = -5*k - 27. Determine t(0).
-27
Let g(x) = -x**2 - 19*x + 45. Determine g(-22).
-21
Let g(q) = q**3 + 5*q - 3. Give g(2).
15
Let p(y) = -y**2 + 7*y - 2. What is p(8)?
-10
Let m(a) = -a**2 + 40*a - 281. Calculate m(31).
-2
Let w(f) = -291*f + 1452. What is w(5)?
-3
Let v(k) = 2*k - 14. Give v(11).
8
Let p(t) = -t**3 - 11*t**2 - 8*t - 244. Give p(-12).
-4
Let h(t) = t**2 - 10*t + 10. What is h(7)?
-11
Let o(p) = -p + 19. Determine o(13).
6
Let h(g) = -g**3 - 9*g**2 + 4*g + 11. Determine h(-9).
-25
Let u(m) = -9*m - 5. What is u(-4)?
